0?
54
In base 10, what is 4449 + 0?
4449
In base 9, what is 2 - 1228?
-1226
In base 13, what is -23 - -94?
71
In base 9, what is -2 - 1451?
-1453
In base 11, what is 109 - -3?
111
In base 9, what is 8 + -212?
-203
In base 3, what is -22000 + 11?
-21212
In base 3, what is -1201 + -1202?
-10110
In base 10, what is -7026 + 2?
-7024
In base 15, what is -1 - -5a7?
5a6
In base 7, what is -251 - 240?
-521
In base 7, what is 1665 + 0?
1665
In base 15, what is -2 + 1e08?
1e06
In base 13, what is -8 + 68?
60
In base 16, what is -3f + 7?
-38
In base 14, what is 4 - -761?
765
In base 10, what is -2537 + 6?
-2531
In base 3, what is 10 + 110221?
111001
In base 4, what is -12200 - -11?
-12123
In base 16, what is -2066 + -3?
-2069
In base 12, what is 0 + -b05?
-b05
In base 11, what is -7 + 83?
77
In base 13, what is 2 - 6b?
-69
In base 2, what is -11 - 10111001010?
-10111001101
In base 7, what is 3552 + 3?
3555
In base 9, what is -2 - -8632?
8630
In base 3, what is -21 - -2220?
2122
In base 4, what is -20 - -3110?
3030
In base 3, what is 1 - -211?
212
In base 6, what is -23252 - 0?
-23252
In base 8, what is -764 + -1?
-765
In base 14, what is a - 2?
8
In base 13, what is 458 - -2?
45a
In base 2, what is -1011 + 11?
-1000
In base 10, what is -263 - -26?
-237
In base 7, what is -130 + 2?
-125
In base 7, what is 133 + 500?
633
In base 11, what is -2 - 1575?
-1577
In base 12, what is -3b + -10?
-4b
In base 14, what is -18 - -3?
-15
In base 4, what is 3 + 113?
122
In base 8, what is 2762 + 2?
2764
In base 10, what is -178 - -24?
-154
In base 3, what is 221 + 11?
1002
In base 11, what is 77 - 10?
67
In base 13, what is cc + -1b?
b1
In base 3, what is -2 - 101102?
-101111
In base 5, what is 2320 + -2?
2313
In base 15, what is -92c - -1?
-92b
In base 16, what is -7fc - -1?
-7fb
In base 14, what is -4 + -142?
-146
In base 14, what is 382 - 7?
379
In base 15, what is d + -52?
-44
In base 16, what is -f5 + -e?
-103
In base 4, what is -10 + -112002?
-112012
In base 15, what is 3 + 8b4?
8b7
In base 16, what is -2 - b9?
-bb
In base 6, what is 2 + -254?
-252
In base 13, what is -11 - -5a?
49
In base 16, what is -5 - 11?
-16
In base 4, what is 3 - -2022?
2031
In base 4, what is -10 + -101?
-111
In base 13, what is -4 - 51?
-55
In base 2, what is 101 + 110100111?
110101100
In base 6, what is 3 - 350?
-343
In base 9, what is 7 - 82?
-74
In base 14, what is -5 + -19b?
-1a2
In base 7, what is 154322 + -4?
154315
In base 2, what is 110001 - -1001?
111010
In base 12, what is -4a79 - 5?
-4a82
In base 13, what is 4455 + -4?
4451
In base 16, what is bc5 + 0?
bc5
In base 3, what is -22201 - -1?
-22200
In base 2, what is -110001101101011 - -11?
-110001101101000
In base 16, what is -a42 + -1?
-a43
In base 12, what is -160 + 1?
-15b
In base 16, what is -30 - 21?
-51
In base 2, what is -10 + 1100000000?
1011111110
In base 16, what is 46e - -9?
477
In base 8, what is -3 - 36?
-41
In base 14, what is d21 - -4?
d25
In base 5, what is -13 + 133?
120
In base 8, what is 41 + 11?
52
In base 11, what is 1 + 215?
216
In base 13, what is -7c - -4?
-78
In base 10, what is 986 - -10?
996
In base 14, what is -52 + -16?
-68
In base 12, what is -9 - 4b3?
-500
In base 4, what is 102 - -1022?
1130
In base 11, what is 3322 - 1?
3321
In base 11, what is -16 - 51?
-67
In base 2, what is 1 - 1011101?
-1011100
In base 14, what is 25a - -7?
263
In base 9, what is 3 + -30?
-26
In base 16, what is -1 - -cf?
ce
In base 2, what is -100011 - -1000?
-11011
In base 4, what is -2 + 1021?
1013
In base 11, what is 39 + 5?
43
In base 5, what is 30 - 4?
21
In base 8, what is 42 + -4?
36
In base 12, what is -17 - 288?
-2a3
In base 6, what is 112 + -12?
100
In base 3, what is -21 + 12?
-2
In base 16, what is -9 + 2b?
22
In base 9, what is -181 - -1?
-180
In base 15, what is 8e - 5?
89
In base 5, what is -141 + 3?
-133
In base 16, what is -2a + -18?
-42
In base 7, what is 2 + -1163?
-1161
In base 12, what is -149a + -2?
-14a0
In base 14, what is 4 - -1578?
157c
In base 9, what is 17 + 271?
288
In base 8, what is 4 - 1601?
-1575
In base 13, what is 6 - 417?
-411
In base 16, what is -37 - -8?
-2f
In base 10, what is -2735 - -3?
-2732
In base 7, what is 1233 + 3?
1236
In base 5, what is 4 + -1131?
-1122
In base 15, what is 5b - 5?
56
In base 14, what is 562 - 5?
55b
In base 4, what is 23 + 22?
111
In base 8, what is 10 + 30?
40
In base 15, what is 5 + 21c?
222
In base 13, what is -23 - 1?
-24
In base 13, what is 1 + -61?
-60
In base 3, what is -100011 - -221?
-22020
In base 6, what is -1001 + 0?
-1001
In base 7, what is -1 + -2055?
-2056
In base 8, what is -3060 + 14?
-3044
In base 5, what is -1144 + -4?
-1203
In base 16, what is -17 - 46?
-5d
In base 10, what is -1 + 482?
481
In base 7, what is 26 - -3?
32
In base 3, what is -10 + -10011?
-10021
In base 15, what is 34 + -3?
31
In base 8, what is 4 - 11?
-5
In base 13, what is -4 - -293?
28c
In base 9, what is 381 + -4?
376
In base 2, what is -100011 - 100001?
-1000100
In base 11, what is 2 - -4?
6
In base 14, what is 2 + -15?
-13
In base 4, what is 213112 - -1?
213113
In base 15, what is -4a7 + 3?
-4a4
In base 13, what is -22 - -10?
-12
In base 11, what is -4 + 147?
143
In base 14, what is 63 - -17?
7a
In base 9, what is -4 + 2411?
2406
In base 4, what is 333 + 3?
1002
In base 6, what is -133 - 0?
-133
In base 10, what is 3 + 12?
15
In base 12, what is -16 + -11?
-27
In base 3, what is 200 - -1222?
2122
In base 8, what is 2 - -664?
666
In base 6, what is 20 + 22?
42
In base 3, what is 11 - -12?
100
In base 6, what is 2 + -1214?
-1212
In base 3, what is -22 + -2111?
-2210
In base 16, what is 3 + f?
12
In base 13, what is -4 + b5?
b1
In base 6, what is 1 - 32?
-31
In base 16, what is -16 + 69?
53
In base 8, what is 73 - -1?
74
In base 14, what is d5 - -3?
d8
In base 10, what is 106 + 28?
134
In base 16, what is -2b - -21?
-a
In base 6, what is -23 + -521?
-544
In base 8, what is -6 + 3?
-3
In base 3, what is -21 + -1021012?
-1021110
In base 15, what is -5 - -102?
ec
In base 6, what is 1 - 14000?
-13555
In base 5, what is 31 - -3120?
3201
In base 6, what is 15033 + -2?
15031
In base 7, what is -11 - -5?
-3
In base 16, what is -1 + -e1?
-e2
In base 3, what is 1111 + -20?
1021
In base 8, what is 4513 + -1?
4512
In base 2, what is 11 - 10000000001?
-1111111110
In base 9, what is 5 + 237?
243
In base 8, what is 3 + -4611?
-4606
In base 12, what is 0 + 54?
54
In base 2, what is 10 + 11010010?
11010100
In base 15, what is 1d - 16b?
-14d
In base 9, what is -67567 + -3?
-67571
In base 13, what is 5 - 5?
0
In base 9, what is -22 + 48?
26
In base 12, what is -a - 80?
-8a
In base 6, what is -4 - -5142?
5134
In base 9, what is 43 + -67?
-24
In base 15, what is -1775 + -2?
-1777
In base 4, what is 211 + 1?
212
In base 7, what is 1 + -1205?
-1204
In base 2, what is -100101 - 110010?
-1010111
In base 6, what is 3 - -14031?
14034
In base 8, what is 2 + 4660?
4662
In base 11, what is -147 - -1?
-146
In base 2, what is 100101011111 + 11?
100101100010
In base 11, what is 644 + 3?
647
In base 14, what is -559d + 0?
-559d
In base 3, what is 2 - 2021011?
-2021002
In base 11, what is -1 + 31?
30
In base 5, what is 2000 - -10?
2010
In base 9, what is 8 - -2778?
2787
In base 13, what is -ba + 22?
-98
In base 3, what is -21 + 111?
20
In base 2, what is 10 - 1000001?
-111111
In base 2, what is 111110 + 110010?
1110000
In base 14, what is -1171 - 4?
-1175
In base 6, what is 1 + 5?
10
In base 6, what is -4244 - -13?
-4231
In base 11, what is -119 + 7?
-112
In base 15, what is -47b5 - 2?
-47b7
In base 4, what is -12 + -111?
-123
In base 5, what is 3 + 402?
410
In base 13, what is 18 + 3?
1b
In base 16, what is -146a + 5?
-1465
In base 7, what is 1 + -3?
-2
In base 4, what is 31210 + 3?
31213
In base 8, what is 4 + 1475?
1501
In base 10, what is -3 + 86?
83
In base 9, what is -3677 + -5?
-3683
In base 3, what is -211001 + 122?
-210102
In base 8, what is 15 - 5?
10
In base 3, what is -112 + 2121101?
2120212
In base 15, what is -1dea - 3?
-1ded
In base 14, what is 4cb + 5?
4d2
In base 15, what is -15a + 6?
-154
In base 3, what is 11 + 200?
211
In base 8, what is 2 - -1255?
1257
In base 10, what is -255 + 15?
-240
In base 4, what is -332 - -10?
-322
In base 6, what is -13 - 1254?
-1311
In base 14, what is 26 